ite number?
False
Is 587244247 a prime number?
True
Is 1065092491 a prime number?
False
Is 29786814173 composite?
False
Is 245070281 a prime number?
True
Is 145674143 prime?
False
Is 4440399851 composite?
False
Is 3276704659 prime?
True
Is 8567918923 prime?
False
Is 19774508807 prime?
False
Is 2093621939 composite?
False
Is 9689459149 a prime number?
False
Is 9099223117 prime?
False
Is 32199505769 composite?
False
Is 4237649623 a composite number?
False
Is 22952836919 a prime number?
True
Is 1032834323 a prime number?
False
Is 5252857717 prime?
True
Is 5288891197 a composite number?
True
Is 1271759113 prime?
True
Is 129762177023 a prime number?
True
Is 324305063 composite?
True
Is 286475341 composite?
False
Is 2354411089 prime?
False
Is 2126400469 prime?
True
Is 11170678377 prime?
False
Is 37542517 composite?
True
Is 578331419 composite?
False
Is 251345849 prime?
True
Is 35644089617 prime?
True
Is 3031231477 composite?
True
Is 45313943 composite?
False
Is 4629944881 a prime number?
True
Is 1918308971 composite?
False
Is 120721723649 a prime number?
True
Is 3676882099 a prime number?
False
Is 130641358 a composite number?
True
Is 15979125749 composite?
True
Is 47881591 a prime number?
True
Is 3606863503 prime?
True
Is 8097429839 composite?
False
Is 838482083 composite?
True
Is 13760390117 prime?
False
Is 73627296949 prime?
True
Is 6414490591 a composite number?
False
Is 87142450503 prime?
False
Is 61881991858 a prime number?
False
Is 52409801617 composite?
True
Is 353209226215 prime?
False
Is 325443980527 prime?
True
Is 340082051 composite?
False
Is 2589088511 a prime number?
False
Is 3122145497 a composite number?
False
Is 4821787103 a composite number?
True
Is 35738090669 a prime number?
True
Is 2089988183 prime?
True
Is 36816803 a prime number?
True
Is 1145396761 a composite number?
False
Is 22620943343 prime?
False
Is 2452565009 a composite number?
True
Is 133125261653 prime?
False
Is 141677567 a prime number?
True
Is 43361091658 composite?
True
Is 85454007739 a composite number?
False
Is 600352957 composite?
True
Is 805021766 composite?
True
Is 31984491739 prime?
True
Is 14308433767 prime?
False
Is 125309867 prime?
True
Is 17783534939 prime?
False
Is 31878472547 composite?
True
Is 43494251 a prime number?
False
Is 532925727 a composite number?
True
Is 8760493979 prime?
True
Is 3329293271 prime?
True
Is 26200405807 composite?
True
Is 963871481 a composite number?
False
Is 56588267 composite?
True
Is 75254549993 a prime number?
False
Is 2401056323 prime?
True
Is 1514422361 composite?
True
Is 1563271009 composite?
True
Is 39830000657 prime?
False
Is 18186188869 prime?
False
Is 78108486479 composite?
False
Is 1744698035 a composite number?
True
Is 238078984747 a composite number?
False
Is 83756807957 a prime number?
False
Is 22168932953 a composite number?
True
Is 17280289963 prime?
True
Is 1491634363 a composite number?
False
Is 29704179233 prime?
False
Is 893413505 prime?
False
Is 790481009 prime?
True
Is 1258172623 composite?
True
Is 39834957027 prime?
False
Is 77755281107 composite?
True
Is 1832830789 composite?
True
Is 9209554661 a composite number?
False
Is 13541446601 a prime number?
False
Is 2040744427 prime?
True
Is 20899605049 a prime number?
False
Is 998035387 a prime number?
False
Is 603625327 a prime number?
False
Is 3009165667 composite?
True
Is 15093777587 prime?
False
Is 1418621 prime?
True
Is 784501327 composite?
True
Is 557983411 a prime number?
True
Is 239956699 a composite number?
True
Is 26472238339 prime?
True
Is 15460489523 a composite number?
True
Is 302356541 composite?
False
Is 879248509 a composite number?
False
Is 270310752277 a prime number?
True
Is 64146569 a prime number?
True
Is 7645403921 a prime number?
False
Is 1543396097 composite?
False
Is 2517091513 a composite number?
True
Is 122175894469 a prime number?
True
Is 39789240649 a composite number?
True
Is 35508406343 a composite number?
True
Is 10060468181 composite?
False
Is 2966719829 composite?
True
Is 1455670303 composite?
True
Is 2157673237 a composite number?
True
Is 2589214073 a prime number?
True
Is 20828908943 prime?
True
Is 7272561817 composite?
False
Is 68629266833 prime?
False
Is 14049984937 a composite number?
False
Is 12020676527 prime?
True
Is 896140501 prime?
True
Is 346930153 a prime number?
True
Is 150708463 prime?
False
Is 130783447 a prime number?
True
Is 118048333 a prime number?
False
Is 21674614651 composite?
False
Is 40523422127 a composite number?
False
Is 6540827 prime?
True
Is 1801576397 composite?
False
Is 2911297955 a composite number?
True
Is 999151771 composite?
True
Is 15063071767 prime?
False
Is 394281127 prime?
True
Is 487585589 composite?
True
Is 2666613589 composite?
True
Is 15159977537 a composite number?
False
Is 5370009815 a prime number?
False
Is 4556673619 composite?
False
Is 2561697449 a composite number?
True
Is 17952339931 composite?
True
Is 2018284781 a prime number?
True
Is 1084443461 a composite number?
False
Is 211971835 a composite number?
True
Is 1825682923 composite?
True
Is 49900322393 composite?
True
Is 25877985023 prime?
False
Is 244719469 composite?
False
Is 33781374119 a composite number?
False
Is 907157939 composite?
False
Is 18662320867 a composite number?
False
Is 1725368441 a composite number?
False
Is 26342008243 composite?
False
Is 1353035387 a composite number?
True
Is 3246553091 a prime number?
False
Is 844034239 a prime number?
False
Is 86110733 a composite number?
False
Is 150455299 composite?
False
Is 711752759 prime?
True
Is 102560041 a prime number?
False
Is 8618700677 composite?
False
Is 19167324485 a composite number?
True
Is 797040581 a prime number?
False
Is 376557421 composite?
True
Is 13767031037 prime?
False
Is 26222205661 a composite number?
True
Is 850085087 prime?
False
Is 1144664189 a composite number?
False
Is 128368337 prime?
True
Is 7552251529 a composite number?
False
Is 63377051 a prime number?
False
Is 13673314027 a composite number?
True
Is 6736058501 a composite number?
False
Is 3144705209 a prime number?
False
Is 598373989 a prime number?
False
Is 598507466 a prime number?
False
Is 21701165819 a prime number?
True
Is 69834027877 a prime number?
False
Is 21505586561 composite?
False
Is 22307972503 a composite number?
False
Is 26847914573 a prime number?
True
Is 25632242293 a prime number?
False
Is 33934680973 composite?
True
Is 74066668519 composite?
False
Is 81670117 a prime number?
True
Is 97089867811 a prime number?
False
Is 147499511 prime?
True
Is 32128785763 composite?
False
Is 14732179097 prime?
True
Is 105532127 composite?
False
Is 18478026331 prime?
False
Is 2984901781 a prime number?
True
Is 8600630203 prime?
False
Is 3373234427 prime?
False
Is 25694368809 a prime number?
False
Is 675111407 composite?
False
Is 7055110781 a prime number?
False
Is 5517696449 a prime number?
True
Is 427622639 prime?
True
Is 2973292937 prime?
False
Is 6756570949 a composite number?
True
Is 7047112213 prime?
True
Is 342257573 a prime number?
False
Is 33746882857 a prime number?
True
Is 1211064587 a composite number?
False
Is 147690466831 prime?
False
Is 4288601269 prime?
True
Is 3148791893 composite?
True
Is 34483931477 composite?
True
Is 4097876603 a composite number?
False
Is 842197159 prime?
True
Is 24375060311 composite?
True
Is 3681393153 a composite number?
True
Is 3948325681 prime?
False
Is 7342708313 composite?
False
Is 692759957 a prime number?
False
Is 2124704117 a prime number?
True
Is 3752537731 prime?
False
Is 323662901 a prime number?
True
Is 22952801 a prime number?
True
Is 2369065837 a prime number?
False
Is 14832378745 a composite number?
True
Is 3490847771 a composite number?
False
Is 4201070541 a composite number?
True
Is 2453311699 a prime number?
False
Is 9721786227 composite?
True
Is 13814916371 composite?
False
Is 454831913 composite?
True
Is 105985652221 a prime number?
True
Is 20079135187 prime?
True
Is 4681205707 a composite number?
True
Is 113734679 prime?
True
Is 3552417409 composite?
False
Is 24660296381 prime?
False
Is 787292567 a composite number?
False
Is 18122388731 composite?
True
Is 133727585029 prime?
True
Is 370010021 prime?
True
Is 137117479 a composite number?
True
Is 264986773 a composite number?
False
Is 2291778283 prime?
False
Is 33800253